{"id":1505,"date":"2025-06-25T14:55:50","date_gmt":"2025-06-25T17:55:50","guid":{"rendered":"https:\/\/industrade.com.br\/?page_id=1505"},"modified":"2025-07-21T19:19:36","modified_gmt":"2025-07-21T22:19:36","slug":"maquinas-2-3-2-2-2-2-2-3-5","status":"publish","type":"page","link":"https:\/\/industrade.com.br\/?page_id=1505","title":{"rendered":"Malhas para Embalagem \u2013 Praticidade, Resist\u00eancia e Excelente Apresenta\u00e7\u00e3o"},"content":{"rendered":"\t\t<div data-elementor-type=\"wp-page\" data-elementor-id=\"1505\" class=\"elementor elementor-1505\" data-elementor-post-type=\"page\">\n\t\t\t\t<div class=\"elementor-element elementor-element-641cba1 e-flex e-con-boxed e-con e-parent\" data-id=\"641cba1\" data-element_type=\"container\" data-settings=\"{&quot;background_background&quot;:&quot;classic&quot;}\">\n\t\t\t\t\t<div class=\"e-con-inner\">\n\t\t\t\t<div class=\"elementor-element elementor-element-82eac7f elementor-widget elementor-widget-heading\" data-id=\"82eac7f\" data-element_type=\"widget\" data-widget_type=\"heading.default\">\n\t\t\t\t<div class=\"elementor-widget-container\">\n\t\t\t\t\t<h2 class=\"elementor-heading-title elementor-size-default\">Malhas para Embalagem \u2013 Praticidade, Resist\u00eancia e Excelente Apresenta\u00e7\u00e3o<\/h2>\t\t\t\t<\/div>\n\t\t\t\t<\/div>\n\t\t\t\t\t<\/div>\n\t\t\t\t<\/div>\n\t\t<div class=\"elementor-element elementor-element-1e90e53 e-flex e-con-boxed e-con e-parent\" data-id=\"1e90e53\" data-element_type=\"container\">\n\t\t\t\t\t<div class=\"e-con-inner\">\n\t\t\t\t<div class=\"elementor-element elementor-element-a8df2e1 elementor-widget elementor-widget-text-editor\" data-id=\"a8df2e1\" data-element_type=\"widget\" data-widget_type=\"text-editor.default\">\n\t\t\t\t<div class=\"elementor-widget-container\">\n\t\t\t\t\t\t\t\t\t<p>As malhas para embalagem, tamb\u00e9m conhecidas como redes ou redinhas, s\u00e3o a solu\u00e7\u00e3o ideal para acondicionar frutas, legumes e hortali\u00e7as, garantindo ventila\u00e7\u00e3o adequada e valorizando a apresenta\u00e7\u00e3o do produto no ponto de venda. Leves, resistentes e flex\u00edveis, elas permitem um empacotamento eficiente, facilitando o transporte e a exposi\u00e7\u00e3o.<\/p><p>Ela pode ser aplicada para diferentes solu\u00e7\u00f5es de embalagens, A INDUSTRADE oferece duas linhas de malha para o mercado nacional.<\/p><p><strong>Malhas tecidas<\/strong>: desenvolvidas para atender com excel\u00eancia \u00e0s diversas demandas do mercado de embalagens para frutas. Esse tipo de malha \u00e9 especialmente utilizado para o empacotamento de c\u00edtricos como laranja e limao, mel\u00e3o, tomate, batata, cebola e outros legumes, garantindo praticidade, resist\u00eancia e boa apresenta\u00e7\u00e3o do produto.<\/p><p>Importada de nossa parceira comercial Sorma Ib\u00e9rica \u2014 refer\u00eancia internacional em solu\u00e7\u00f5es para o setor \u2014<strong>Esta malha \u00e9 ideal para m\u00e1quinas autom\u00e1ticas, pois conta com lubrifica\u00e7\u00e3o e um padr\u00e3o de produ\u00e7\u00e3o que asseguram um desempenho eficiente em linhas automatizadas, evitando perdas e garantindo a qualidade cont\u00ednua<\/strong>&#8221; essa malha \u00e9 reconhecida por sua alt\u00edssima qualidade e padr\u00e3o internacional, sendo vendida em diversos pa\u00edses ao redor do mundo. Dispon\u00edvel em uma ampla variedade de cores, como vermelha, amarela, laranja, verde, preta, branca e dourada, adapta-se \u00e0s prefer\u00eancias e identidades visuais de diferentes clientes e mercados.<\/p><p>Oferecemos duas op\u00e7\u00f5es de abertura, 42 cm e 50 cm, compat\u00edveis com m\u00e1quinas autom\u00e1ticas e semi-autom\u00e1ticas, proporcionando flexibilidade no processo de embalagem. Al\u00e9m disso, as malhas s\u00e3o fornecidas em paletes fechados e empilh\u00e1veis, facilitando o armazenamento e a organiza\u00e7\u00e3o no estoque.<\/p>\t\t\t\t\t\t\t\t<\/div>\n\t\t\t\t<\/div>\n\t\t<div class=\"elementor-element elementor-element-123d13e e-con-full e-flex e-con e-child\" data-id=\"123d13e\" data-element_type=\"container\">\n\t\t<div class=\"elementor-element elementor-element-4edba26 e-grid e-con-full e-con e-child\" data-id=\"4edba26\" data-element_type=\"container\">\n\t\t\t\t<div class=\"elementor-element elementor-element-f683017 elementor-widget elementor-widget-image\" data-id=\"f683017\" data-element_type=\"widget\" data-widget_type=\"image.default\">\n\t\t\t\t<div class=\"elementor-widget-container\">\n\t\t\t\t\t\t\t\t\t\t\t\t\t\t\t<img fetchpriority=\"high\" decoding=\"async\" width=\"285\" height=\"265\" src=\"https:\/\/industrade.com.br\/wp-content\/uploads\/2025\/06\/Imagem9.jpg\" class=\"attachment-large size-large wp-image-1508\" alt=\"\" \/>\t\t\t\t\t\t\t\t\t\t\t\t\t\t\t<\/div>\n\t\t\t\t<\/div>\n\t\t\t\t<div class=\"elementor-element elementor-element-e585f9a elementor-widget elementor-widget-image\" data-id=\"e585f9a\" data-element_type=\"widget\" data-widget_type=\"image.default\">\n\t\t\t\t<div class=\"elementor-widget-container\">\n\t\t\t\t\t\t\t\t\t\t\t\t\t\t\t<img decoding=\"async\" width=\"254\" height=\"181\" src=\"https:\/\/industrade.com.br\/wp-content\/uploads\/2025\/06\/Imagem8-e1750874404704.jpg\" class=\"attachment-large size-large wp-image-1507\" alt=\"\" \/>\t\t\t\t\t\t\t\t\t\t\t\t\t\t\t<\/div>\n\t\t\t\t<\/div>\n\t\t\t\t<\/div>\n\t\t\t\t<div class=\"elementor-element elementor-element-4c51a1c elementor-widget elementor-widget-text-editor\" data-id=\"4c51a1c\" data-element_type=\"widget\" data-widget_type=\"text-editor.default\">\n\t\t\t\t<div class=\"elementor-widget-container\">\n\t\t\t\t\t\t\t\t\t<p><strong>Malha Extrusada<\/strong>: \u00a0Essa malha \u00e9 amplamente utilizada no empacotamento de alho, cebola, abacate e outras frutas, adaptando-se com efici\u00eancia a diferentes formatos de apresenta\u00e7\u00e3o, como frutas em linha, frutas em pacote ou frutas em caixa.<\/p><p>Dispon\u00edvel nas cores vermelha, amarela, laranja, roxa, incolor e verde, a malha extrusada oferece versatilidade e atende a variadas prefer\u00eancias de mercado. \u00c9 especialmente indicada para o uso em m\u00e1quinas semi-autom\u00e1ticas, proporcionando um desempenho confi\u00e1vel no processo de empacotamento.<\/p><p>Assim como a malha tecida, a extrusada tamb\u00e9m se destaca pela praticidade em log\u00edstica e armazenamento, sendo fornecida em formatos que facilitam o empilhamento e o estoque, contribuindo para uma opera\u00e7\u00e3o mais eficiente e organizada.<\/p><p>Para ambas as malhas, a Industrade oferece diferentes tipos de etiquetas. Cada uma combina melhor com a sua solu\u00e7\u00e3o.\u00a0<\/p>\t\t\t\t\t\t\t\t<\/div>\n\t\t\t\t<\/div>\n\t\t\t\t<\/div>\n\t\t<div class=\"elementor-element elementor-element-dc9d5ab e-con-full e-flex e-con e-child\" data-id=\"dc9d5ab\" data-element_type=\"container\">\n\t\t\t\t<div class=\"elementor-element elementor-element-1cd208b elementor-widget elementor-widget-image\" data-id=\"1cd208b\" data-element_type=\"widget\" data-widget_type=\"image.default\">\n\t\t\t\t<div class=\"elementor-widget-container\">\n\t\t\t\t\t\t\t\t\t\t\t\t\t\t\t<img decoding=\"async\" width=\"800\" height=\"383\" src=\"https:\/\/industrade.com.br\/wp-content\/uploads\/2025\/07\/Post-para-Instagram-Frase-de-Impacto-Fundo-preto-Minimalista-1-1-e1753136369691-1024x490.png\" class=\"attachment-large size-large wp-image-2182\" alt=\"\" srcset=\"https:\/\/industrade.com.br\/wp-content\/uploads\/2025\/07\/Post-para-Instagram-Frase-de-Impacto-Fundo-preto-Minimalista-1-1-e1753136369691-1024x490.png 1024w, https:\/\/industrade.com.br\/wp-content\/uploads\/2025\/07\/Post-para-Instagram-Frase-de-Impacto-Fundo-preto-Minimalista-1-1-e1753136369691-300x144.png 300w, https:\/\/industrade.com.br\/wp-content\/uploads\/2025\/07\/Post-para-Instagram-Frase-de-Impacto-Fundo-preto-Minimalista-1-1-e1753136369691-768x368.png 768w, https:\/\/industrade.com.br\/wp-content\/uploads\/2025\/07\/Post-para-Instagram-Frase-de-Impacto-Fundo-preto-Minimalista-1-1-e1753136369691.png 1080w\" sizes=\"(max-width: 800px) 100vw, 800px\" \/>\t\t\t\t\t\t\t\t\t\t\t\t\t\t\t<\/div>\n\t\t\t\t<\/div>\n\t\t\t\t<\/div>\n\t\t\t\t\t<\/div>\n\t\t\t\t<\/div>\n\t\t<div class=\"elementor-element elementor-element-3fb0d01 e-flex e-con-boxed e-con e-parent\" data-id=\"3fb0d01\" data-element_type=\"container\">\n\t\t\t\t\t<div class=\"e-con-inner\">\n\t\t\t\t\t<\/div>\n\t\t\t\t<\/div>\n\t\t\t\t<\/div>\n\t\t","protected":false},"excerpt":{"rendered":"<p>Malhas para Embalagem \u2013 Praticidade, Resist\u00eancia e Excelente Apresenta\u00e7\u00e3o As malhas para embalagem, tamb\u00e9m conhecidas como redes ou redinhas, s\u00e3o a solu\u00e7\u00e3o ideal para acondicionar frutas, legumes e hortali\u00e7as, garantindo ventila\u00e7\u00e3o adequada e valorizando a apresenta\u00e7\u00e3o do produto no ponto de venda. Leves, resistentes e flex\u00edveis, elas permitem um empacotamento eficiente, facilitando o transporte e [&hellip;]<\/p>\n","protected":false},"author":1,"featured_media":0,"parent":0,"menu_order":0,"comment_status":"closed","ping_status":"closed","template":"elementor_header_footer","meta":{"footnotes":""},"class_list":["post-1505","page","type-page","status-publish","hentry"],"_links":{"self":[{"href":"https:\/\/industrade.com.br\/index.php?rest_route=\/wp\/v2\/pages\/1505","targetHints":{"allow":["GET"]}}],"collection":[{"href":"https:\/\/industrade.com.br\/index.php?rest_route=\/wp\/v2\/pages"}],"about":[{"href":"https:\/\/industrade.com.br\/index.php?rest_route=\/wp\/v2\/types\/page"}],"author":[{"embeddable":true,"href":"https:\/\/industrade.com.br\/index.php?rest_route=\/wp\/v2\/users\/1"}],"replies":[{"embeddable":true,"href":"https:\/\/industrade.com.br\/index.php?rest_route=%2Fwp%2Fv2%2Fcomments&post=1505"}],"version-history":[{"count":22,"href":"https:\/\/industrade.com.br\/index.php?rest_route=\/wp\/v2\/pages\/1505\/revisions"}],"predecessor-version":[{"id":2192,"href":"https:\/\/industrade.com.br\/index.php?rest_route=\/wp\/v2\/pages\/1505\/revisions\/2192"}],"wp:attachment":[{"href":"https:\/\/industrade.com.br\/index.php?rest_route=%2Fwp%2Fv2%2Fmedia&parent=1505"}],"curies":[{"name":"wp","href":"https:\/\/api.w.org\/{rel}","templated":true}]}}