{"id":1525,"date":"2025-06-25T15:12:40","date_gmt":"2025-06-25T18:12:40","guid":{"rendered":"https:\/\/industrade.com.br\/?page_id=1525"},"modified":"2025-06-25T15:15:13","modified_gmt":"2025-06-25T18:15:13","slug":"maquinas-2-3-2-2-2-2-2-3-8","status":"publish","type":"page","link":"https:\/\/industrade.com.br\/?page_id=1525","title":{"rendered":"Cinta Bolduc \u2013 Al\u00e7a para Transporte e Identifica\u00e7\u00e3o de Embalagens"},"content":{"rendered":"\t\t<div data-elementor-type=\"wp-page\" data-elementor-id=\"1525\" class=\"elementor elementor-1525\" data-elementor-post-type=\"page\">\n\t\t\t\t<div class=\"elementor-element elementor-element-641cba1 e-flex e-con-boxed e-con e-parent\" data-id=\"641cba1\" data-element_type=\"container\" data-settings=\"{&quot;background_background&quot;:&quot;classic&quot;}\">\n\t\t\t\t\t<div class=\"e-con-inner\">\n\t\t\t\t<div class=\"elementor-element elementor-element-82eac7f elementor-widget elementor-widget-heading\" data-id=\"82eac7f\" data-element_type=\"widget\" data-widget_type=\"heading.default\">\n\t\t\t\t<div class=\"elementor-widget-container\">\n\t\t\t\t\t<h2 class=\"elementor-heading-title elementor-size-default\">Cinta Bolduc \u2013 Al\u00e7a para Transporte e Identifica\u00e7\u00e3o de Embalagens<\/h2>\t\t\t\t<\/div>\n\t\t\t\t<\/div>\n\t\t\t\t\t<\/div>\n\t\t\t\t<\/div>\n\t\t<div class=\"elementor-element elementor-element-1e90e53 e-flex e-con-boxed e-con e-parent\" data-id=\"1e90e53\" data-element_type=\"container\">\n\t\t\t\t\t<div class=\"e-con-inner\">\n\t\t\t\t<div class=\"elementor-element elementor-element-a8df2e1 elementor-widget elementor-widget-text-editor\" data-id=\"a8df2e1\" data-element_type=\"widget\" data-widget_type=\"text-editor.default\">\n\t\t\t\t<div class=\"elementor-widget-container\">\n\t\t\t\t\t\t\t\t\t<p>A <strong>Cinta Bolduc<\/strong> \u00e9 uma solu\u00e7\u00e3o vers\u00e1til que combina <strong>praticidade no transporte<\/strong> e <strong>identifica\u00e7\u00e3o do produto<\/strong> em uma \u00fanica aplica\u00e7\u00e3o. Desenvolvida em formato de <strong>al\u00e7a<\/strong>, ela facilita o manuseio pelo consumidor, tornando o transporte das embalagens mais confort\u00e1vel e seguro.<\/p><p>Al\u00e9m de sua funcionalidade como al\u00e7a, a <strong>Cinta Bolduc<\/strong> tamb\u00e9m atua como <strong>r\u00f3tulo<\/strong>, trazendo informa\u00e7\u00f5es essenciais como <strong>marca, peso e proced\u00eancia do produto<\/strong>. Fechada com <strong>fecho met\u00e1lico<\/strong>, garante um acabamento seguro e resistente, sendo amplamente utilizada na embalagem de <strong>frutas, legumes e hortali\u00e7as<\/strong>.<\/p>\t\t\t\t\t\t\t\t<\/div>\n\t\t\t\t<\/div>\n\t\t<div class=\"elementor-element elementor-element-123d13e e-con-full e-flex e-con e-child\" data-id=\"123d13e\" data-element_type=\"container\">\n\t\t\t\t<div class=\"elementor-element elementor-element-97c6be1 elementor-widget elementor-widget-image\" data-id=\"97c6be1\" data-element_type=\"widget\" data-widget_type=\"image.default\">\n\t\t\t\t<div class=\"elementor-widget-container\">\n\t\t\t\t\t\t\t\t\t\t\t\t\t\t\t<img fetchpriority=\"high\" decoding=\"async\" width=\"400\" height=\"400\" src=\"https:\/\/industrade.com.br\/wp-content\/uploads\/2024\/04\/cinta-bodulc.jpg\" class=\"attachment-large size-large wp-image-491\" alt=\"\" srcset=\"https:\/\/industrade.com.br\/wp-content\/uploads\/2024\/04\/cinta-bodulc.jpg 400w, https:\/\/industrade.com.br\/wp-content\/uploads\/2024\/04\/cinta-bodulc-300x300.jpg 300w, https:\/\/industrade.com.br\/wp-content\/uploads\/2024\/04\/cinta-bodulc-150x150.jpg 150w\" sizes=\"(max-width: 400px) 100vw, 400px\" \/>\t\t\t\t\t\t\t\t\t\t\t\t\t\t\t<\/div>\n\t\t\t\t<\/div>\n\t\t\t\t<\/div>\n\t\t\t\t\t<\/div>\n\t\t\t\t<\/div>\n\t\t\t\t<\/div>\n\t\t","protected":false},"excerpt":{"rendered":"<p>Cinta Bolduc \u2013 Al\u00e7a para Transporte e Identifica\u00e7\u00e3o de Embalagens A Cinta Bolduc \u00e9 uma solu\u00e7\u00e3o vers\u00e1til que combina praticidade no transporte e identifica\u00e7\u00e3o do produto em uma \u00fanica aplica\u00e7\u00e3o. Desenvolvida em formato de al\u00e7a, ela facilita o manuseio pelo consumidor, tornando o transporte das embalagens mais confort\u00e1vel e seguro. Al\u00e9m de sua funcionalidade como [&hellip;]<\/p>\n","protected":false},"author":1,"featured_media":0,"parent":0,"menu_order":0,"comment_status":"closed","ping_status":"closed","template":"elementor_header_footer","meta":{"footnotes":""},"class_list":["post-1525","page","type-page","status-publish","hentry"],"_links":{"self":[{"href":"https:\/\/industrade.com.br\/index.php?rest_route=\/wp\/v2\/pages\/1525","targetHints":{"allow":["GET"]}}],"collection":[{"href":"https:\/\/industrade.com.br\/index.php?rest_route=\/wp\/v2\/pages"}],"about":[{"href":"https:\/\/industrade.com.br\/index.php?rest_route=\/wp\/v2\/types\/page"}],"author":[{"embeddable":true,"href":"https:\/\/industrade.com.br\/index.php?rest_route=\/wp\/v2\/users\/1"}],"replies":[{"embeddable":true,"href":"https:\/\/industrade.com.br\/index.php?rest_route=%2Fwp%2Fv2%2Fcomments&post=1525"}],"version-history":[{"count":4,"href":"https:\/\/industrade.com.br\/index.php?rest_route=\/wp\/v2\/pages\/1525\/revisions"}],"predecessor-version":[{"id":1530,"href":"https:\/\/industrade.com.br\/index.php?rest_route=\/wp\/v2\/pages\/1525\/revisions\/1530"}],"wp:attachment":[{"href":"https:\/\/industrade.com.br\/index.php?rest_route=%2Fwp%2Fv2%2Fmedia&parent=1525"}],"curies":[{"name":"wp","href":"https:\/\/api.w.org\/{rel}","templated":true}]}}