{"id":1716,"date":"2025-07-08T13:13:14","date_gmt":"2025-07-08T16:13:14","guid":{"rendered":"https:\/\/industrade.com.br\/?page_id=1716"},"modified":"2025-07-09T21:52:54","modified_gmt":"2025-07-10T00:52:54","slug":"bin-plastica-3","status":"publish","type":"page","link":"https:\/\/industrade.com.br\/?page_id=1716","title":{"rendered":"Arqueadora"},"content":{"rendered":"\t\t<div data-elementor-type=\"wp-page\" data-elementor-id=\"1716\" class=\"elementor elementor-1716\" data-elementor-post-type=\"page\">\n\t\t\t\t<div class=\"elementor-element elementor-element-641cba1 e-flex e-con-boxed e-con e-parent\" data-id=\"641cba1\" data-element_type=\"container\" data-settings=\"{&quot;background_background&quot;:&quot;classic&quot;}\">\n\t\t\t\t\t<div class=\"e-con-inner\">\n\t\t\t\t<div class=\"elementor-element elementor-element-82eac7f elementor-widget elementor-widget-heading\" data-id=\"82eac7f\" data-element_type=\"widget\" data-widget_type=\"heading.default\">\n\t\t\t\t<div class=\"elementor-widget-container\">\n\t\t\t\t\t<h2 class=\"elementor-heading-title elementor-size-default\">Arqueadora<\/h2>\t\t\t\t<\/div>\n\t\t\t\t<\/div>\n\t\t\t\t\t<\/div>\n\t\t\t\t<\/div>\n\t\t<div class=\"elementor-element elementor-element-1e90e53 e-flex e-con-boxed e-con e-parent\" data-id=\"1e90e53\" data-element_type=\"container\">\n\t\t\t\t\t<div class=\"e-con-inner\">\n\t\t\t\t<div class=\"elementor-element elementor-element-a8df2e1 elementor-widget elementor-widget-text-editor\" data-id=\"a8df2e1\" data-element_type=\"widget\" data-widget_type=\"text-editor.default\">\n\t\t\t\t<div class=\"elementor-widget-container\">\n\t\t\t\t\t\t\t\t\t<p>A arqueadora \u00e9 uma ferramenta pr\u00e1tica e eficiente que tensiona e realiza a selagem t\u00e9rmica da fita de arquear, dispensando o uso de selos met\u00e1licos. Ideal para agilizar o processo de paletiza\u00e7\u00e3o, ela garante firmeza e seguran\u00e7a na fixa\u00e7\u00e3o da carga, proporcionando maior produtividade e padroniza\u00e7\u00e3o na embalagem. Uma solu\u00e7\u00e3o moderna para otimizar a log\u00edstica e proteger seus produtos.<\/p>\t\t\t\t\t\t\t\t<\/div>\n\t\t\t\t<\/div>\n\t\t\t\t<div class=\"elementor-element elementor-element-ee0bffd elementor-widget elementor-widget-image\" data-id=\"ee0bffd\" data-element_type=\"widget\" data-widget_type=\"image.default\">\n\t\t\t\t<div class=\"elementor-widget-container\">\n\t\t\t\t\t\t\t\t\t\t\t\t\t\t\t<img fetchpriority=\"high\" decoding=\"async\" width=\"400\" height=\"400\" src=\"https:\/\/industrade.com.br\/wp-content\/uploads\/2024\/04\/arqueadora.jpg\" class=\"attachment-large size-large wp-image-505\" alt=\"\" srcset=\"https:\/\/industrade.com.br\/wp-content\/uploads\/2024\/04\/arqueadora.jpg 400w, https:\/\/industrade.com.br\/wp-content\/uploads\/2024\/04\/arqueadora-300x300.jpg 300w, https:\/\/industrade.com.br\/wp-content\/uploads\/2024\/04\/arqueadora-150x150.jpg 150w\" sizes=\"(max-width: 400px) 100vw, 400px\" \/>\t\t\t\t\t\t\t\t\t\t\t\t\t\t\t<\/div>\n\t\t\t\t<\/div>\n\t\t\t\t\t<\/div>\n\t\t\t\t<\/div>\n\t\t\t\t<\/div>\n\t\t","protected":false},"excerpt":{"rendered":"<p>Arqueadora A arqueadora \u00e9 uma ferramenta pr\u00e1tica e eficiente que tensiona e realiza a selagem t\u00e9rmica da fita de arquear, dispensando o uso de selos met\u00e1licos. Ideal para agilizar o processo de paletiza\u00e7\u00e3o, ela garante firmeza e seguran\u00e7a na fixa\u00e7\u00e3o da carga, proporcionando maior produtividade e padroniza\u00e7\u00e3o na embalagem. Uma solu\u00e7\u00e3o moderna para otimizar a [&hellip;]<\/p>\n","protected":false},"author":1,"featured_media":0,"parent":0,"menu_order":0,"comment_status":"closed","ping_status":"closed","template":"elementor_header_footer","meta":{"footnotes":""},"class_list":["post-1716","page","type-page","status-publish","hentry"],"_links":{"self":[{"href":"https:\/\/industrade.com.br\/index.php?rest_route=\/wp\/v2\/pages\/1716","targetHints":{"allow":["GET"]}}],"collection":[{"href":"https:\/\/industrade.com.br\/index.php?rest_route=\/wp\/v2\/pages"}],"about":[{"href":"https:\/\/industrade.com.br\/index.php?rest_route=\/wp\/v2\/types\/page"}],"author":[{"embeddable":true,"href":"https:\/\/industrade.com.br\/index.php?rest_route=\/wp\/v2\/users\/1"}],"replies":[{"embeddable":true,"href":"https:\/\/industrade.com.br\/index.php?rest_route=%2Fwp%2Fv2%2Fcomments&post=1716"}],"version-history":[{"count":7,"href":"https:\/\/industrade.com.br\/index.php?rest_route=\/wp\/v2\/pages\/1716\/revisions"}],"predecessor-version":[{"id":1957,"href":"https:\/\/industrade.com.br\/index.php?rest_route=\/wp\/v2\/pages\/1716\/revisions\/1957"}],"wp:attachment":[{"href":"https:\/\/industrade.com.br\/index.php?rest_route=%2Fwp%2Fv2%2Fmedia&parent=1716"}],"curies":[{"name":"wp","href":"https:\/\/api.w.org\/{rel}","templated":true}]}}